{"id":1195,"date":"2021-04-17T20:03:23","date_gmt":"2021-04-17T18:03:23","guid":{"rendered":"https:\/\/www.andreas-mehltretter.de\/wp\/?page_id=1195"},"modified":"2021-10-10T09:52:02","modified_gmt":"2021-10-10T07:52:02","slug":"fortschritt-fuer-alle","status":"publish","type":"page","link":"https:\/\/www.andreas-mehltretter.de\/archiv\/meine-schwerpunkte\/fortschritt-fuer-alle\/","title":{"rendered":"Fortschritt f\u00fcr alle"},"content":{"rendered":"\n<p>Wir Menschen sind kreativ und einfallsreich und wollen, dass sich was zum Besseren bewegt. Seit Jahrhunderten treibt dieser Fortschrittsgedanke uns an und hat dazu gef\u00fchrt, dass wir in Deutschland im Winter nicht frieren, gen\u00fcgend Nahrungsmittel f\u00fcr alle da sind und wir am Abend auf der Couch gem\u00fctlich Netflix schauen k\u00f6nnen \u2013 und dass dieser Fortschritt auch global in den letzten zwei Jahrzehnten die Zahl der absolut Armen um die H\u00e4lfte reduziert hat. Dieser Fortschritt ist aber nicht gottgegeben, sondern wir m\u00fcssen die richtigen Rahmenbedingungen daf\u00fcr schaffen. Entscheidend dabei ist f\u00fcr mich, dass wir den Fortschritt in Bahnen lenken, damit er allen zugute kommt und nicht nur einige wenige die Vorteile davon einstreichen.<\/p>\n\n\n\n<figure class=\"wp-block-video\"><video height=\"1080\" style=\"aspect-ratio: 1920 \/ 1080;\" width=\"1920\" controls poster=\"https:\/\/www.andreas-mehltretter.de\/wp\/wp-content\/uploads\/2021\/09\/Digitalisierung-Preview-Bild.jpg\" src=\"https:\/\/www.andreas-mehltretter.de\/wp\/wp-content\/uploads\/2021\/09\/Mehltretter-Digitalisierung.mp4\"><\/video><\/figure>\n\n\n\n<ul class=\"wp-block-list\"><li><strong>Digitalisierung<\/strong><ul><li>30-Stunden-Woche: Die Digitalisierung krempelt die Wirtschaft und die Arbeitswelt um. Durch gezielte F\u00f6rderung k\u00f6nnen wir daf\u00fcr sorgen, dass Arbeitspl\u00e4tze nicht einfach verloren gehen, sondern die Arbeit digital unterst\u00fctzt wird und neue gute Jobs entstehen. So, wie die technische Entwicklung die 40-Stunden-Woche erm\u00f6glicht hat, wird sie in naher Zukunft die 30-Stunden-Woche erm\u00f6glichen. Dank immer weiter steigender Produktivit\u00e4t und kluger Verteilung der Arbeit auf alle Erwerbst\u00e4tigen ist dies bei vollem Lohnausgleich m\u00f6glich. In den n\u00e4chsten vier Jahren im Bundestag will ich die Weichen f\u00fcr diese 30-Stunden-Woche stellen.<\/li><li>Neue Rechte in der neuen Arbeitswelt: Ich will ein Recht auf Weiterbildung, damit niemand durch die Ver\u00e4nderungen der Arbeitswelt abgeh\u00e4ngt wird. Gleichzeitig k\u00f6nnen wir dank der Digitalisierung Arbeit flexibler gestalten: Ein Recht auf Homeoffice w\u00fcrde es Arbeitnehmer*innen erm\u00f6glichen, Arbeit teilweise von zu Hause aus zu erledigen, wenn sie das m\u00f6chten.<\/li><\/ul><ul><li>Infrastruktur-Ausbau: Um die Vorteile der Digitalisierung nutzen zu k\u00f6nnen, m\u00fcssen wir aber endlich unsere Infrastruktur auf einen modernen Stand bringen. Das bedeutet Glasfaser in jedes Haus und fl\u00e4chendeckendes 5G, eine digitale \u00f6ffentliche Verwaltung, die durch digitalisierte Prozesse entlastet und effizienter wird, und Schulen, in denen jede*r Sch\u00fcler*in ein Tablet bzw. Laptop zur Verf\u00fcgung hat.<\/li><\/ul><ul><li>Macht der gro\u00dfen Konzerne: Eine Bedrohung f\u00fcr den Fortschritt durch Digitalisierung stellt die zunehmende Macht einiger weniger gro\u00dfer Konzerne, insbesondere Google, Amazon und Facebook, dar. Wir brauchen ein scharfes Kartellrecht, das \u00dcbernahmen wie die von WhatsApp und Instagram durch Facebook und das Ausnutzen des Plattform-Wissens verhindert, mit dem Amazon z. B. gezielt beliebte Produkte kopiert und selbst herstellt. Durch eine Digitalsteuer m\u00fcssen wir au\u00dferdem daf\u00fcr sorgen, dass diese Konzerne endlich auch in Deutschland ihren fairen Steueranteil bezahlen.<\/li><\/ul><\/li><\/ul>\n\n\n\n<ul class=\"wp-block-list\"><li><strong>Investitionen<\/strong><ul><li>Investitionsoffensive: \u00d6ffentliche Investitionen sind die Grundvoraussetzung f\u00fcr langfristigen Wohlstand und Gerechtigkeit. Mehrere hundert Milliarden Euro m\u00fcssen Kommunen, Bund und L\u00e4nder laut Studien<sup><a rel=\"noreferrer noopener\" href=\"https:\/\/www.boeckler.de\/pdf\/p_imk_report_152_2019.pdf\" target=\"_blank\">[Link]<\/a><\/sup> in den n\u00e4chsten Jahren investieren, um den Investitionsstau der letzten zwanzig Jahre aufzuholen. Daf\u00fcr brauchen wir eine <strong>Investitionsoffensive<\/strong> und einen pragmatischen Umgang mit der Schuldenbremse, damit sie rentierliche Investitionen nicht ausbremst.<\/li><li>Mobilit\u00e4tswende: Die Mobilit\u00e4tswende ist ein entscheidender Bestandteil der Energiewende. Damit sie gelingt, m\u00fcssen wir unsere Bahnstrecken ausbauen, damit sie die erforderlichen Kapazit\u00e4ten herbringen, und endlich \u00fcberall elektrisieren, mehr Z\u00fcge anschaffen und die Preise so bezahlbar machen, dass sich auch f\u00fcr Familien das Bahnfahren rentiert. Im l\u00e4ndlichen Raum brauchen wir endlich eine Businfrastruktur, sodass jede Ortschaft mindestens einmal st\u00fcndlich mit dem Bus bedient wird. Und nachdem nicht \u00fcberall und f\u00fcr jeden Zweck Bus und Bahn die L\u00f6sung sind, brauchen wir weiter eine starke F\u00f6rderung der E-Mobilit\u00e4t durch einen flotten Ausbau der (Schnell-)Ladem\u00f6glichkeiten. Synthetische Kraftstoffe und Wasserstoff sind f\u00fcr Flugzeuge und Schifffahrt sicher wichtige Technologien, machen aber im Auto wegen des um Faktor 3-4 niedrigeren Wirkungsgrads keinen Sinn.<\/li><li>Energiewende: Nur mit einem flotten Ausbau von erneuerbaren Energien \u2013 sprich vor allem Wind und Solar \u2013 ist die Energiewende zu schaffen. Der sogenannte Ausbaupfad, also wie viel pro Jahr neu gebaut werden soll, muss daf\u00fcr ungef\u00e4hr <strong>verdoppelt<\/strong> werden gegen\u00fcber dem, was derzeit beschlossen ist. Dies wird nur mit immensen \u00f6ffentlichen Investitionen machbar sein \u2013 nachdem die Erzeugung erneuerbarer Energien aber sowieso g\u00fcnstiger ist als Kohle- oder Atomstrom, werden sich die Investitionen in der langen Frist auch finanziell auszahlen.<\/li><li>Forschung und Entwicklung: Fortschritt entsteht nicht von selbst, sondern durch gezielte Suche nach neuen Technologien und L\u00f6sungen. Deswegen m\u00fcssen wir im Steuersystem Anreize f\u00fcr private Investitionen verbessern und staatlich mehr Forschung f\u00f6rdern, die dann gemeinfrei f\u00fcr alle zur Verf\u00fcgung steht.<\/li><li>Digitale Infrastruktur: Wie oben beschrieben, ist digitale Infrastruktur entscheidend daf\u00fcr, dass wir die wirtschaftlichen und sonstigen Vorteile der Digitalisierung auch tats\u00e4chlich nutzen k\u00f6nnen. Daf\u00fcr sind massive Investitionen in Glasfaser und 5G sowie Endger\u00e4te, Netzwerkinfrastruktur und Softwarel\u00f6sungen in Schulen und Verwaltung notwendig.<\/li><\/ul><ul><li>Bezahlbarer Wohnraum: Wohnen wird nur wieder bezahlbar, wenn wir in Zuzugsregionen mehr \u00f6ffentlich gef\u00f6rderten Wohnraum bauen \u2013 daf\u00fcr brauchen wir Investitionen in eine gro\u00dfe Bundes-Wohnbauinitiative. (weitere Punkte zu bezahlbarem Wohnen finden Sie <a rel=\"noreferrer noopener\" href=\"https:\/\/www.andreas-mehltretter.de\/wp\/meine-schwerpunkte\/starker-sozialstaat\/(\u00f6ffnet in neuem Tab)\" data-type=\"URL\" data-id=\"https:\/\/www.andreas-mehltretter.de\/wp\/meine-schwerpunkte\/starker-sozialstaat\/(\u00f6ffnet in neuem Tab)\" target=\"_blank\">hier<\/a>).<\/li><li>Kitas, Schulen und Unis: Gute Bildung ben\u00f6tigt auch die richtigen Rahmenbedingungen: Der ranzige Zustand vieler Schulen und Unis verh\u00f6hnt die Bedeutung, die Bildung in einer aufgekl\u00e4rten Gesellschaft haben sollte. Wir m\u00fcssen deshalb die Kommunen finanziell so ausstatten, dass sie <strong>in ihre Schulen investieren<\/strong> k\u00f6nnen \u2013 und der Freistaat darf nicht nur ein paar Leuchtturm-Studieng\u00e4nge und Unis tolle neue Geb\u00e4ude hinstellen, sondern muss \u00fcberall f\u00fcr gute Studienbedingungen sorgen.<\/li><\/ul><\/li><li><strong>Bildung<\/strong><ul><li>Chancengleichheit: Es ist eine Schande, dass in Deutschland fast vier F\u00fcnftel aller Akademikerkinder studieren, aber nur rund ein Viertel aller Kinder von Nicht-Akademikern. F\u00fcr eine echte Chancengleichheit brauchen wir <strong>geb\u00fchrenfreie Kitas, verpflichtende Kindergartenjahre und eine Gemeinschaftsschule<\/strong>, die bis zum Abitur f\u00fchrt. Die wissenschaftliche Literatur genauso wie der Blick in andere L\u00e4nder zeigt, dass auch das gemeinsame Lernen nicht zu Lasten der Besten geht, aber die schw\u00e4cheren Sch\u00fcler*innen und der gesellschaftliche Zusammenhalt enorm profitieren.<\/li><li>Ausbildung und Studium: Wir brauchen eine Ausbildungsplatzgarantie, die finanziert wird durch eine Ausbildungsumlage, die all jene Betriebe bezahlen, die sich vor der Ausbildung dr\u00fccken. Die Mindestausbildungsverg\u00fctung, die wir in der letzten Regierung durchgesetzt haben, ist ein enormer Fortschritt, aber noch viel zu niedrig angesetzt, damit Azubis f\u00fcr ihre Leistung angemessen bezahlt werden. Auch das BAF\u00f6G muss wieder als Vollzuschuss dienen, damit jede*r, die oder der studieren will, das auch tun kann.<\/li><li>Digitale Bildung: Erst durch Corona wurde Schulbildung digitalisiert \u2013 leider ohne gr\u00f6\u00dferes Konzept und Hals \u00fcber Kopf, aber immerhin. Wir m\u00fcssen sicherstellen, dass alle Sch\u00fcler*innen ausreichend mit Tablets und Laptops ausgestattet sind, auch wenn sie aus Elternh\u00e4usern kommen, die sich die Ger\u00e4te nicht einfach so leisten k\u00f6nnen, z. B. indem gut ausgestattete Leihger\u00e4te verteilt werden. Auch die Lerninhalte selbst m\u00fcssen endlich an die digitalisierte Welt angepasst werden, damit Sch\u00fcler*innen den verantwortungsvollen Umgang mit sozialen Medien und anderen Online-Diensten lernen und durch Informatikunterricht die Grundlagen der digitalen Welt verstehen lernen. Auf einer Open-Source-Plattform k\u00f6nnen Materialien offen und vernetzt zur Verf\u00fcgung gestellt und ausgetauscht werden.<\/li><\/ul><\/li><\/ul>\n\n\n\n<div class=\"wp-block-image\"><figure class=\"alignleft size-medium\"><a href=\"https:\/\/www.andreas-mehltretter.de\/wp\/wp-content\/uploads\/2021\/04\/christian-lue-8Yw6tsB8tnc-unsplash.jpg\"><img loading=\"lazy\" decoding=\"async\" width=\"300\" height=\"175\" src=\"https:\/\/www.andreas-mehltretter.de\/wp\/wp-content\/uploads\/2021\/04\/christian-lue-8Yw6tsB8tnc-unsplash-300x175.jpg\" alt=\"\" class=\"wp-image-1318\" srcset=\"https:\/\/www.andreas-mehltretter.de\/archiv\/wp-content\/uploads\/2021\/04\/christian-lue-8Yw6tsB8tnc-unsplash-300x175.jpg 300w, https:\/\/www.andreas-mehltretter.de\/archiv\/wp-content\/uploads\/2021\/04\/christian-lue-8Yw6tsB8tnc-unsplash-1024x599.jpg 1024w, https:\/\/www.andreas-mehltretter.de\/archiv\/wp-content\/uploads\/2021\/04\/christian-lue-8Yw6tsB8tnc-unsplash-768x449.jpg 768w, https:\/\/www.andreas-mehltretter.de\/archiv\/wp-content\/uploads\/2021\/04\/christian-lue-8Yw6tsB8tnc-unsplash-1536x898.jpg 1536w, https:\/\/www.andreas-mehltretter.de\/archiv\/wp-content\/uploads\/2021\/04\/christian-lue-8Yw6tsB8tnc-unsplash.jpg 1920w\" sizes=\"auto, (max-width: 300px) 100vw, 300px\" \/><\/a><\/figure><\/div>\n\n\n\n<ul class=\"wp-block-list\"><li><strong>Europa<\/strong><ul><li>Gemeinsame Wirtschafts- und Finanzpolitik: Die gro\u00dfen Krisen haben gezeigt, dass Europa eine gemeinsame Wirtschafts- und Finanzpolitik braucht. Eine W\u00e4hrungsunion funktioniert nur, wenn alle L\u00e4nder in der Lage sind, gut in ihre Zukunft zu investieren und Krisen wie jetzt durch Corona finanziell zu \u00fcberbr\u00fccken. Gleichzeitig k\u00f6nnen wir uns in diesem Gemeinwesen Steueroasen wie Niederlande und Irland  oder wettbewerbsverzerrende Niedrigl\u00f6hne wie in Deutschland nicht leisten. Daf\u00fcr brauchen wir endlich <strong>europ\u00e4ische Mindestl\u00f6hne, europ\u00e4ische Mindeststeuers\u00e4tze, einen europ\u00e4ischen Haushalt, der Krisen abfedern kann und eine europ\u00e4ische Arbeitslosenr\u00fcckversicherung,<\/strong> bei der sich die Arbeitslosenversicherungen der L\u00e4nder in schwierigen Zeiten gegenseitig unterst\u00fctzen.<\/li><li>Gemeinsame Au\u00dfen- und Sicherheitspolitik: Nirgendwo wird das gesamte Gewicht der EU so stark ben\u00f6tigt wie in der Au\u00dfen- und Sicherheitspolitik. Es wird deswegen Zeit f\u00fcr den <strong>Aufbau einer europ\u00e4ischen Armee<\/strong> und einen europ\u00e4ischen Au\u00dfenminister, der daf\u00fcr sorgt, dass die EU mit einer Stimme gegen Menschenrechtsverletzungen und Verst\u00f6\u00dfe gegen das V\u00f6lkerrecht t\u00e4tig werden kann.<\/li><li>Gemeinsame Demokratie und \u00d6ffentlichkeit: Eine starke EU gibt es nur mit einer gemeinsamen Demokratie und einer europ\u00e4ischen \u00d6ffentlichkeit, die grenz\u00fcberschreitende Diskussionen erm\u00f6glicht. Daf\u00fcr m\u00fcssen wir das Europ\u00e4ische Parlament st\u00e4rken, indem Gesetzesinitiativen einbringen kann und die Kommission wie eine Regierung w\u00e4hlen und auch per konstruktivem Misstrauensvotum abw\u00e4hlen kann. Demokratie, Rechtsstaat und Menschenrecht m\u00fcssen in allen Mitgliedsstaaten der EU sichergestellt sein: Wer, wie etwa Ungarn und Polen, diese Prinzipien missachtet, muss finanziell und diplomatisch schmerzhaft sanktioniert werden. Damit die europ\u00e4ische Demokratie funktioniert, m\u00fcssen wir <strong>europ\u00e4ische \u00f6ffentlich-rechtliche Medien<\/strong> aufbauen, die \u00e4hnlich den deutschen \u00d6ffentlich-Rechtlichen informieren und in denen tats\u00e4chlich europaweit Diskussionen \u00fcber die europ\u00e4ische Politik gef\u00fchrt werden k\u00f6nnen.<\/li><\/ul><\/li><\/ul>\n","protected":false},"excerpt":{"rendered":"<p>Wir Menschen sind kreativ und einfallsreich und wollen, dass sich was zum Besseren bewegt. Seit Jahrhunderten treibt dieser Fortschrittsgedanke uns &hellip; <a href=\"https:\/\/www.andreas-mehltretter.de\/archiv\/meine-schwerpunkte\/fortschritt-fuer-alle\/\" class=\"more-link\">Continue reading <span class=\"screen-reader-text\">Fortschritt f\u00fcr alle<\/span><\/a><\/p>\n","protected":false},"author":2,"featured_media":0,"parent":1045,"menu_order":0,"comment_status":"closed","ping_status":"closed","template":"","meta":{"jetpack_post_was_ever_published":false,"footnotes":""},"class_list":["post-1195","page","type-page","status-publish","hentry"],"jetpack_sharing_enabled":true,"_links":{"self":[{"href":"https:\/\/www.andreas-mehltretter.de\/archiv\/wp-json\/wp\/v2\/pages\/1195","targetHints":{"allow":["GET"]}}],"collection":[{"href":"https:\/\/www.andreas-mehltretter.de\/archiv\/wp-json\/wp\/v2\/pages"}],"about":[{"href":"https:\/\/www.andreas-mehltretter.de\/archiv\/wp-json\/wp\/v2\/types\/page"}],"author":[{"embeddable":true,"href":"https:\/\/www.andreas-mehltretter.de\/archiv\/wp-json\/wp\/v2\/users\/2"}],"replies":[{"embeddable":true,"href":"https:\/\/www.andreas-mehltretter.de\/archiv\/wp-json\/wp\/v2\/comments?post=1195"}],"version-history":[{"count":10,"href":"https:\/\/www.andreas-mehltretter.de\/archiv\/wp-json\/wp\/v2\/pages\/1195\/revisions"}],"predecessor-version":[{"id":1650,"href":"https:\/\/www.andreas-mehltretter.de\/archiv\/wp-json\/wp\/v2\/pages\/1195\/revisions\/1650"}],"up":[{"embeddable":true,"href":"https:\/\/www.andreas-mehltretter.de\/archiv\/wp-json\/wp\/v2\/pages\/1045"}],"wp:attachment":[{"href":"https:\/\/www.andreas-mehltretter.de\/archiv\/wp-json\/wp\/v2\/media?parent=1195"}],"curies":[{"name":"wp","href":"https:\/\/api.w.org\/{rel}","templated":true}]}}